(l). Calculate r(5).
-4
Let j = -30 - -37. Suppose 0 = 10*v - 11*v - j. Let g(z) = -z**3 - 6*z**2 + 7*z - 4. What is g(v)?
-4
Let g(u) = -9*u**3 + 14*u**2 + 27*u + 14. Let w(p) = p + 9. Let r be w(-3). Let q(z) = 5*z**3 - 7*z**2 - 14*z - 7. Let x(m) = r*g(m) + 11*q(m). Calculate x(-6).
-5
Let v(f) = -404*f + 136*f + 132*f + 134*f + 1. Give v(-4).
9
Let f(a) = 2*a + a - 164*a**2 + 29 + 8*a + 163*a**2. Give f(13).
3
Suppose -39*x = -40*x - y, -4*y = -2*x + 18. Let l(m) = -1. Let q(t) = 3*t + 8. Let r(f) = -4*l(f) - q(f). Calculate r(x).
-13
Let q(x) be the second derivative of 1/12*x**4 + 5*x + 3/2*x**2 + 1/6*x**3 + 0. Calculate q(-3).
9
Let z(a) be the third derivative of -a**6/120 - 13*a**5/60 - 13*a**4/24 - 8*a**3/3 + 407*a**2. Give z(-12).
-4
Let c = 35 + -10. Let n = -23 + c. Let w(b) = -2*b**2 + 3*b - 1. Give w(n).
-3
Let l be ((-4)/12)/((-1)/24). Let n(c) = -c + c + 3*c + 5 - 4*c. What is n(l)?
-3
Let z(b) = 7*b**2 - 3*b. Let c(u) = 5*u**2 - 2*u. Let k(o) = -8*c(o) + 5*z(o). Calculate k(1).
-4
Let u(f) = 5*f**3 + 29*f**2 - 23*f - 10. Let s(h) = -3*h**3 - 19*h**2 + 15*h + 7. Let l(n) = -8*s(n) - 5*u(n). Give l(6).
0
Let r = -14 - -20. Suppose 2*j - 6 = 2*p - 0*p, -4*j - p + 12 = 0. Let x(d) = 23*d - 17*d - d**2 + j + 3. Determine x(r).
6
Let j(k) = -384*k**3 + 191*k**3 + 5*k**2 + 192*k**3 + 2*k**2 + 1 - 6*k. Give j(4).
25
Let v(g) = -4*g + 14*g - 7*g + 9*g + 8*g. Calculate v(1).
20
Let s be 16/4*2/4. Let x(d) = -5*d - 2. Determine x(s).
-12
Let x(q) be the third derivative of -1/3*q**3 + 1/4*q**4 + 1/12*q**5 + 0*q + 0 + 3*q**2 - 1/120*q**6. What is x(6)?
-2
Suppose 12*l + 12 = 16*l. Suppose -c - 1 = l*z, 6*c - 9 = c - z. Let s(p) = c - 4*p + 5 - 5*p + 8*p. Calculate s(0).
7
Let h be (93/21 + (-6)/14)*-2. Let z(r) = -r**2 - 13*r - 12. What is z(h)?
28
Let b(l) be the first derivative of -45 - 5/3*l**3 + 2*l - 1/4*l**4 + 3/2*l**2. Calculate b(-5).
-13
Let p(l) = l**2 - 6*l + 4. Suppose -36 - 70 = -53*g. Give p(g).
-4
Suppose -2*x + 34 = -4. Suppose 6*v - 109 = -x. Suppose 4*b - b + v = 0. Let p(m) = -m - 6. Determine p(b).
-1
Let v(y) be the first derivative of 3*y**2 + y + 2356. Suppose -2*i + 4*a = 5*a + 8, 18 = -3*i - 3*a. Determine v(i).
-11
Suppose 5*r - 275*l = -272*l - 1, 0 = r - 5*l + 9. Let u(p) = -2*p - 5. Give u(r).
-7
Let h(m) = -5*m + 4*m - 2*m. Let n(f) = -f**3 - 13*f**2 + f + 11. Let b be n(-13). Let j be -1 - b/(3/3). What is h(j)?
-3
Suppose 38*v = 39*v - 3. Let z(f) = 3*f - 3*f - f + v. What is z(8)?
-5
Let o(j) = j**2 - 3*j - 22. Let p be o(-2). Let i(h) be the second derivative of h**4/12 + 11*h**3/6 - 15*h**2/2 - 2*h. Give i(p).
-3
Let m(p) = -9*p**2 + p. Let n = -2 + 8. Let z(q) = 2*q**2 - 10*q - 9. Let f be z(n). Suppose -c + f*a = 14, 0 = 3*c - c + 4*a - 22. What is m(c)?
-8
Let x(v) = -v**2 + 5*v - 7. Suppose 63 = -12*g + 3*g. Let n = -2 - g. Calculate x(n).
-7
Let o(z) = 9*z. Let s(h) = 2*h**2 - 85*h + 40. Let p be s(42). Calculate o(p).
-18
Let s(f) = -32*f + 11 - 4 + 31*f + 8. Determine s(16).
-1
Suppose 0 = g + h, -4*g - h - 4 = -5*g. Let c(i) = -70*i**2 + 66*i**2 - i**3 + g - 4*i - 4. Determine c(-4).
14
Let o(p) be the third derivative of -5*p**6/24 + p**4/24 - 22*p**2. What is o(1)?
-24
Let o(t) = t**2 - 8*t + 2. Let k(h) = -h - 3. Let p be k(-4). Suppose 0*c + p = -c + g, 3*c + g = 17. What is o(c)?
-14
Let h(z) = -1057 - 5*z**2 - 6*z + 1098 + 3*z**2. Give h(-6).
5
Suppose -f = -3*b - 21, 9*f = 11*f - 5*b - 37. Let a(k) = k**3 - 6*k**2 + 5*k - 9. Calculate a(f).
21
Let c(k) = -k**2 + 4*k - 3. Suppose -3 = -6*f + 5*f. Let z be (-9 - f)/4 - -19. Suppose 2*n = 4*d - z, 5*d - 13 = 2*d + 2*n. Determine c(d).
0
Let g = -6 - -9. Suppose 4*v + 7 = c + v, 4*c + g*v - 28 = 0. Suppose 0*k + 3*m - 14 = -5*k, -4*k - m + c = 0. Let x(a) = 4*a. What is x(k)?
4
Let i(t) = t**3 - 2*t**2 + 4*t - 3. Let z = 180 + -178. Calculate i(z).
5
Suppose 13*r = 15*r - 6. Suppose -12 = -4*z + 4*d + 8, 2*d + 13 = r*z. Let f(y) = y**2 - 2*y + 1. What is f(z)?
4
Let n(a) = 23*a**3 + 10*a**2 + 10*a - 2. Let g(x) = -11*x**3 - 4*x**2 - 4*x + 1. Let c(v) = 5*g(v) + 2*n(v). Determine c(1).
-8
Let b(v) = v**2 + 5*v + 6. Let m = -14 - -9. Let x be b(m). Let u(j) be the first derivative of -j**3/3 + 4*j**2 - 6*j + 7. Calculate u(x).
6
Let v(p) = 2*p**3 + 11*p**2 + 4*p - 6. Let f = 710 + -715. What is v(f)?
-1
Let j(w) = -2*w**2 + 2*w - 1. Let o be 5 - ((-4)/12 + 39/9). What is j(o)?
-1
Suppose -5*b - 6 = -26. Let p(s) = -s - 2. Let f be p(b). Let y(z) = 6*z + 11. Let v(o) = -2*o - 4. Let r(t) = f*y(t) - 17*v(t). Determine r(-2).
6
Let z(q) = 4*q**2 + 5*q - 16. Let u(l) = -5*l**2 - 6*l + 19. Let c(s) = -5*u(s) - 6*z(s). Give c(-1).
2
Let s(c) = 5*c**3 - 9*c**2 - 2*c + 8. Let d be 0/(-7) + (-8)/(-2). Let o(t) = 9*t**3 - 17*t**2 - 5*t + 15. Let n(v) = d*o(v) - 7*s(v). Determine n(6).
4
Let s(r) = 3*r. Let n be s(-2). Let m(i) = -i**2 + i + 3. Let z(p) = -p**2 + 3. Let b(q) = 5*m(q) - 6*z(q). Determine b(n).
3
Let b(l) = l**3 - 16*l**2 - 2*l + 21. Let h be -8 - -23 - ((-20)/5 - -3). Determine b(h).
-11
Let q(g) = 19*g + 237. Let r be q(-13). Let p(o) = -o**2 - 9*o + 7. What is p(r)?
-3
Let j(v) = -v. Let d = 4 + -12. Let p = 9 + d. Let x be ((3/p)/(-3))/(-1). Calculate j(x).
-1
Let i(j) = -j**3 - 352*j**2 + 5*j + 346*j**2 - 5 + 2 - 3*j. Give i(-6).
-15
Let q(w) = -2*w + 11. Suppose i - i + i = 0. Suppose i = -59*y + 61*y - 16. Determine q(y).
-5
Let t(b) be the third derivative of -b**6/24 + b**5/4 + b**4/12 + 11*b**2. Let r(l) = 3*l**3 - 8*l**2 - l. Let d(o) = 7*r(o) + 4*t(o). Calculate d(-3).
6
Let d be ((-1)/(-1) - (-22 - -5)) + -2. Let u(p) = -20 - d + 39 + p. Give u(0).
3
Let k(c) = c - 1. Let x(q) = q - 14. Let m(o) = 2*k(o) - x(o). What is m(-5)?
7
Let u(q) = 7*q**2 + 3*q - 7. Let v(m) = -13*m**2 - 7*m + 14. Let o(x) = 11*u(x) + 6*v(x). Calculate o(-7).
21
Let h = -1 + 4. Let o(y) = -y**2 - 5. Suppose 0*f - 9 = -3*d + 5*f, 3*f = -d - 11. Let i(b) = 2*b**2 + 6. Let n(p) = d*i(p) - 3*o(p). Calculate n(h).
-6
Suppose -p + 20 = 18. Let u(i) = -i**3. Let l(a) = -2*a**3 - a**2 - a - 2. Let b(c) = l(c) - 3*u(c). Calculate b(p).
0
Let j(y) = 35*y - 14 - y**2 - 68*y + 21*y. Give j(-11).
-3
Let z(c) = c + 5. Suppose 0*w + 15 = -5*w. Let f be z(w). Suppose -4*q + 2*i + 24 = -0*i, 0 = f*i + 4. Let h(a) = a. Calculate h(q).
5
Let x(g) = 3*g**2 + 6*g. Let j(l) = 6*l**2 - l. Let m(t) = 5*t**2. Let r(f) = 3*j(f) - 4*m(f). Let p(c) = 5*r(c) + 2*x(c). Give p(-2).
-10
Let k(g) = -15*g + 8*g - 26 - g + 28. Determine k(7).
-54
Let b(o) = -o + 1. Suppose 2*z + q = 22, -2*q - 34 = -4*z - 6. Let x be z*(1 + -2) - -4. Calculate b(x).
6
Let k(t) be the second derivative of -t**3/3 - 3*t**2 - 283*t. Calculate k(-13).
20
Let z(g) be the second derivative of -g**4/6 - 2*g**3 - 9*g**2/2 - 10*g - 2. Determine z(-5).
1
Let b(q) = q**2 + 7*q + 11. Let a be b(-6). Let o(v) = a - 5 + 1 + v. Determine o(-5).
-4
Let o(p) = -p + 2. Let n(q) = -3*q + 6. Let f be n(-3). Suppose -f = 5*m - v, -m - 3*m + 4*v - 28 = 0. Let d be m*(-1)/2*-5. Calculate o(d).
7
Let j(b) = -316*b + 3 + 3*b**2 - 317*b + 635*b + 3*b**3. Give j(-2).
-13
Let i(b) = -b**2 - 8*b - 6. Suppose -8 = 20*d - 19*d. Give i(d).
-6
Let c(j) = -4*j + 2. Let g = -25 + 33. Let u be (5 - 0) + 1 + 3. Suppose g*i + 4 = u*i. What is c(i)?
-14
Let i(a) = -a**2 + 23*a - 47. Let g be i(21). Let f(y) = 2*y**3 + 5*y**2 - 2*y - 8. Let d(z) = -z**3 - z + 1. Let t(c) = d(c) + f(c). Calculate t(g).
8
Let k = -16 + 17. Let a(v) = 2*v**2 - 1 + 4*v**2 - 3*v**2 + v + v**2. Give a(k).
4
Let j(i) = -2*i**2 + 4*i - 3. Let a(n) be the third derivative of -5*n**4/24 + 11*n**3/3 - 18*n**2. Let p be a(4). Give j(p).
-3
Let w(k) = k**3 - 9*k**2 + 8*k - 15. Let r be w(8). Let g be ((-20)/25)/(6/r). Let n(c) be the second derivative of c**4/12 - 5*c**3/6 + c**2 + c. What is n(g)?
-4
Suppose -y - 3 = 27. Let d be y/9*1*-6. Let p(u) = 4*u - 3*u + d - 27. What is p(6)?
-1
Suppose 2*s = s - 5*p - 44, -5*s = -5*p + 100. Let a = 29 + s. Let n(g) = -g**3 + 4*g**2 + 4*g - 1. Determine n(a).
-6
Let n(x) = 6*x**3 + 14*x**2 + 40*x - 11. Let r(u) = u**3 + 3*u**2 + 8*u - 2. Let o(j) = 2*n(j) - 11*r(j). Calculate o(6).
-12
Suppose -48 = u + 2*v, -u + 3*u + 117 = 3*v. Let r = 52 + u. Let x(a) = 1 + 2*a - 2*a**2 - a**3 - a**2 + 0*a**2. Determine x(r).
-7
Suppose 1